{"id":1075,"date":"2024-03-15T17:18:41","date_gmt":"2024-03-15T17:18:41","guid":{"rendered":"http:\/\/xn--cdu-zhringen-kcb.de\/?page_id=1075"},"modified":"2024-03-15T19:21:21","modified_gmt":"2024-03-15T19:21:21","slug":"zaehringen","status":"publish","type":"page","link":"http:\/\/xn--cdu-zhringen-kcb.de\/?page_id=1075","title":{"rendered":"Z\u00e4hringen"},"content":{"rendered":"\n    \n    <section class=\"skrollable skrollable-between u-align-center u-clearfix u-custom-color-1 u-section-2\" id=\"sec-5d0f\">\n      <div class=\"u-clearfix u-sheet u-valign-middle u-sheet-1\">\n        <h1 class=\"u-text u-text-body-alt-color u-text-default u-title u-text-1\"><b><b>Z\u00e4hringen<\/b><\/b>\n        <\/h1>\n        <a href=\"http:\/\/xn--cdu-zhringen-kcb.de\/?page_id=1075#sec-31eb\" class=\"u-border-none u-btn u-btn-round u-button-style u-radius-50 u-white u-btn-1\">Weiter !<\/a>\n      <\/div>\n    <\/section>\n    <section class=\"u-align-center u-clearfix u-section-3\" id=\"sec-31eb\">\n      <div class=\"u-clearfix u-sheet u-valign-middle u-sheet-1\">\n        <h1 class=\"u-align-center u-text u-text-default u-text-1\"> Z\u00e4hringen:<br>Ein historischer Ortsteil von Freiburg im Breisgau! \n        <\/h1>\n        <p class=\"u-align-justify u-text u-text-default u-text-2\">\n          <span style=\"font-weight: 700;\"><\/span>\n          <span style=\"font-weight: 700;\"><\/span>Freiburg im Breisgau, eine der malerischsten St\u00e4dte im S\u00fcdwesten Deutschlands, beherbergt eine Vielzahl von charmanten Stadtteilen, von denen jeder seine eigene einzigartige Geschichte und Pers\u00f6nlichkeit hat. Einer dieser faszinierenden Stadtteile ist Z\u00e4hringen, der als einer der \u00e4ltesten und geschichtstr\u00e4chtigsten Ortsteile von Freiburg im Breisgau gilt. In diesem Artikel werden wir uns n\u00e4her mit diesem historischen Stadtteil befassen, seine Entstehungsgeschichte erkunden und einige seiner bemerkenswerten Sehensw\u00fcrdigkeiten und Aktivit\u00e4ten vorstellen.<br>\n          <br>\n          <span style=\"font-weight: 700;\">Die Urspr\u00fcnge von Z\u00e4hringen:<\/span>\n          <br>\n          <br>Die Geschichte von Z\u00e4hringen reicht bis ins 11. Jahrhundert zur\u00fcck, als Herzog Berthold II. von Z\u00e4hringen die Burg Z\u00e4hringen errichtete, die dem Stadtteil seinen Namen gab. Diese Burg war ein wichtiger Ausgangspunkt f\u00fcr die Entwicklung der Region, da sie als Basis f\u00fcr die Ausdehnung des z\u00e4hringischen Herzogtums diente. Der Herzog selbst spielte eine entscheidende Rolle bei der Gr\u00fcndung der Stadt Freiburg, die im Jahr 1120 gegr\u00fcndet wurde und ihren Ursprung in der N\u00e4he der Burg Z\u00e4hringen hatte.<br>\n          <br>\n          <span style=\"font-weight: 700;\">Sehensw\u00fcrdigkeiten in Z\u00e4hringen:<\/span>\n          <br>\n          <br>Ein Besuch in Z\u00e4hringen erm\u00f6glicht es den Besuchern, in die reiche Geschichte des Stadtteils einzutauchen. Eine der beeindruckendsten Sehensw\u00fcrdigkeiten ist die Ruine der Z\u00e4hringer Burg. Obwohl von der einst m\u00e4chtigen Burg heute nur noch \u00dcberreste \u00fcbrig sind, bietet sie einen atemberaubenden Blick auf Freiburg und die umliegende Landschaft. Es ist ein beliebter Ort f\u00fcr Spazierg\u00e4nge und Picknicks, und die Aussicht bei Sonnenuntergang ist besonders beeindruckend.Ein weiteres historisches Juwel in Z\u00e4hringen ist die St. Cyriakus Kirche, die im romanischen Stil erbaut wurde. Die Kirche stammt aus dem 12. Jahrhundert und ist ein beeindruckendes Zeugnis mittelalterlicher Architektur. Ihr Inneres beherbergt wertvolle religi\u00f6se Kunstwerke und Fresken, die die Geschichte der Region widerspiegeln.<br>\n          <br>\n          <span style=\"font-weight: 700;\">Moderne Annehmlichkeiten und Gemeinschaft:<\/span>\n          <br>\n          <br>Z\u00e4hringen hat sich im Laufe der Jahrhunderte zu einem lebendigen Stadtteil entwickelt, der moderne Annehmlichkeiten mit historischem Charme verbindet. Die Fu\u00dfg\u00e4ngerzone Z\u00e4hringer Stra\u00dfe ist das Herzst\u00fcck des Stadtteils und bietet eine breite Palette von Gesch\u00e4ften, Caf\u00e9s und Restaurants. Hier kann man gem\u00fctlich bummeln, einkaufen und die lokale Gastronomie genie\u00dfen.Die Gemeinschaft in Z\u00e4hringen ist engagiert und lebendig. Es gibt zahlreiche Veranstaltungen und Festivals, die das ganze Jahr \u00fcber stattfinden, wie das Z\u00e4hringer Stadtfest und der Weihnachtsmarkt. Diese Veranstaltungen bringen die Bewohner und Besucher zusammen und tragen dazu bei, die Gemeinschaft zu st\u00e4rken.<br>\n          <br>\n          <span style=\"font-weight: 700;\">Fazit:<\/span>\n          <br>\n          <br>Z\u00e4hringen ist zweifellos ein Ortsteil von Freiburg im Breisgau, der seine reiche Geschichte bewahrt hat und gleichzeitig eine moderne und lebendige Gemeinschaft bietet. Die Verbindung zwischen der z\u00e4hringischen Burg und der Gr\u00fcndung von Freiburg macht diesen Stadtteil zu einem historischen Schatz, der es wert ist, erkundet zu werden. Mit seinen charmanten Stra\u00dfen, historischen Sehensw\u00fcrdigkeiten und lebhaften Veranstaltungen hat Z\u00e4hringen viel zu bieten und ist ein Ort, den jeder Besucher von Freiburg im Breisgau erkunden sollte. \n        <\/p>\n      <\/div>\n    <\/section>\n    <section class=\"u-align-center u-clearfix u-container-align-center u-section-4\" id=\"sec-b83f\">\n      <div class=\"u-clearfix u-sheet u-valign-middle u-sheet-1\">\n        <h1 class=\"u-align-center u-text u-text-default u-text-1\">Impressionen:<\/h1>\n      <\/div>\n    <\/section>\n    <section class=\"u-clearfix u-section-5\" id=\"sec-35d2\">\n      <div class=\"u-clearfix u-sheet u-sheet-1\">\n        <div class=\"data-layout-selected u-clearfix u-expanded-width u-layout-wrap u-layout-wrap-1\">\n          <div class=\"u-layout\">\n            <div class=\"u-layout-row\">\n              <div class=\"u-container-style u-layout-cell u-size-30 u-layout-cell-1\">\n                <div class=\"u-container-layout u-container-layout-1\">\n                  <img decoding=\"async\" class=\"u-expanded-width u-image u-image-default u-image-1\" src=\"http:\/\/xn--cdu-zhringen-kcb.de\/wp-content\/uploads\/2021\/09\/IMG_7131.jpeg\" alt=\"\" data-image-width=\"1140\" data-image-height=\"855\">\n                <\/div>\n              <\/div>\n              <div class=\"u-container-style u-layout-cell u-size-30 u-layout-cell-2\">\n                <div class=\"u-container-layout u-container-layout-2\">\n                  <img decoding=\"async\" class=\"u-expanded-width u-image u-image-default u-image-2\" src=\"http:\/\/xn--cdu-zhringen-kcb.de\/wp-content\/uploads\/2021\/09\/IMG_7124.jpeg\" alt=\"\" data-image-width=\"1140\" data-image-height=\"855\">\n                <\/div>\n              <\/div>\n            <\/div>\n          <\/div>\n        <\/div>\n      <\/div>\n    <\/section>\n    \n    \n    \n  \n","protected":false},"excerpt":{"rendered":"<p>Z\u00e4hringen Weiter ! Z\u00e4hringen:Ein historischer Ortsteil von Freiburg im Breisgau! Freiburg im Breisgau, eine der malerischsten St\u00e4dte im S\u00fcdwesten Deutschlands, beherbergt eine Vielzahl von charmanten Stadtteilen, von denen jeder seine eigene einzigartige Geschichte und Pers\u00f6nlichkeit hat. Einer dieser faszinierenden Stadtteile ist Z\u00e4hringen, der als einer der \u00e4ltesten und geschichtstr\u00e4chtigsten Ortsteile von Freiburg im Breisgau gilt. &hellip; <a href=\"http:\/\/xn--cdu-zhringen-kcb.de\/?page_id=1075\" class=\"more-link\">Continue reading<span class=\"screen-reader-text\"> &#8222;Z\u00e4hringen&#8220;<\/span><\/a><\/p>\n","protected":false},"author":1,"featured_media":0,"parent":0,"menu_order":6,"comment_status":"closed","ping_status":"closed","template":"","meta":{"_et_pb_use_builder":"","_et_pb_old_content":"","_et_gb_content_width":"","_monsterinsights_skip_tracking":false,"_monsterinsights_sitenote_active":false,"_monsterinsights_sitenote_note":"","_monsterinsights_sitenote_category":0,"footnotes":""},"class_list":["post-1075","page","type-page","status-publish","hentry"],"_links":{"self":[{"href":"http:\/\/xn--cdu-zhringen-kcb.de\/index.php?rest_route=\/wp\/v2\/pages\/1075","targetHints":{"allow":["GET"]}}],"collection":[{"href":"http:\/\/xn--cdu-zhringen-kcb.de\/index.php?rest_route=\/wp\/v2\/pages"}],"about":[{"href":"http:\/\/xn--cdu-zhringen-kcb.de\/index.php?rest_route=\/wp\/v2\/types\/page"}],"author":[{"embeddable":true,"href":"http:\/\/xn--cdu-zhringen-kcb.de\/index.php?rest_route=\/wp\/v2\/users\/1"}],"replies":[{"embeddable":true,"href":"http:\/\/xn--cdu-zhringen-kcb.de\/index.php?rest_route=%2Fwp%2Fv2%2Fcomments&post=1075"}],"version-history":[{"count":5,"href":"http:\/\/xn--cdu-zhringen-kcb.de\/index.php?rest_route=\/wp\/v2\/pages\/1075\/revisions"}],"predecessor-version":[{"id":1102,"href":"http:\/\/xn--cdu-zhringen-kcb.de\/index.php?rest_route=\/wp\/v2\/pages\/1075\/revisions\/1102"}],"wp:attachment":[{"href":"http:\/\/xn--cdu-zhringen-kcb.de\/index.php?rest_route=%2Fwp%2Fv2%2Fmedia&parent=1075"}],"curies":[{"name":"wp","href":"https:\/\/api.w.org\/{rel}","templated":true}]}}